est common divisor of 38 and 57780026?
38
Calculate the greatest common divisor of 343104307 and 4234.
2117
Calculate the greatest common factor of 812569 and 9312.
97
What is the greatest common divisor of 1255 and 309845695?
1255
Calculate the highest common divisor of 1092 and 261100.
28
What is the highest common divisor of 90659646 and 7?
7
What is the greatest common factor of 701991543 and 484?
121
What is the highest common factor of 8236625 and 1125?
125
Calculate the highest common divisor of 437 and 26181487.
19
Calculate the highest common factor of 8550 and 5174874.
18
Calculate the highest common factor of 20190 and 641865.
15
Calculate the greatest common divisor of 38 and 1185752.
38
Calculate the greatest common divisor of 252369 and 59677.
719
Calculate the highest common divisor of 10 and 18046690.
10
Calculate the highest common factor of 45108 and 247791132.
6444
Calculate the highest common divisor of 970 and 981830.
10
What is the greatest common divisor of 29220 and 139020?
60
Calculate the greatest common divisor of 225885 and 1122.
33
Calculate the highest common factor of 3602395 and 428270.
1895
What is the highest common divisor of 120711929 and 36302?
2593
What is the highest common factor of 3077829 and 2587059?
7011
Calculate the highest common divisor of 119766290 and 6440.
1610
What is the highest common factor of 5724 and 2077388?
212
What is the greatest common factor of 249246 and 32638968?
4086
Calculate the highest common factor of 496357 and 2268163.
6283
What is the greatest common factor of 18721200 and 1824?
48
Calculate the greatest common divisor of 792 and 5919562.
22
What is the highest common divisor of 30 and 1019613480?
30
What is the greatest common divisor of 400524 and 27000?
12
What is the greatest common divisor of 288 and 252399312?
144
What is the highest common factor of 188 and 575327?
47
What is the greatest common factor of 172 and 60869897?
43
Calculate the greatest common divisor of 429 and 7007286.
429
What is the greatest common divisor of 28125280 and 640?
160
Calculate the greatest common divisor of 77643492 and 1587.
69
Calculate the highest common divisor of 49257 and 208379002.
5473
What is the greatest common divisor of 16061268 and 552?
276
What is the greatest common divisor of 87891447 and 77?
7
What is the greatest common factor of 2651552 and 2547494?
3854
What is the highest common factor of 418787163 and 153?
153
Calculate the highest common divisor of 276266 and 263294.
94
Calculate the highest common factor of 915 and 83865.
15
Calculate the highest common divisor of 11025 and 533757.
147
What is the highest common factor of 262 and 7292639?
131
What is the highest common divisor of 1317 and 17669311?
439
What is the highest common factor of 3653477 and 479229?
5153
Calculate the greatest common factor of 126927009 and 316.
79
What is the highest common divisor of 10296 and 793221?
429
What is the highest common divisor of 12065 and 921500?
95
What is the highest common divisor of 268632192 and 26432?
3776
What is the highest common factor of 49979130 and 366?
366
Calculate the greatest common factor of 1156383 and 216.
27
What is the highest common factor of 3978 and 373371?
51
What is the greatest common factor of 2952 and 3077952?
984
What is the greatest common divisor of 30899 and 1322827?
583
What is the greatest common divisor of 931 and 179242?
49
What is the greatest common divisor of 1729 and 41183051?
1729
What is the greatest common divisor of 653089 and 21641?
17
Calculate the highest common factor of 18158296 and 260.
52
What is the greatest common factor of 2176967 and 117?
13
Calculate the highest common divisor of 12 and 253133548.
4
Calculate the highest common factor of 76820740 and 4638.
1546
Calculate the highest common divisor of 61 and 1456457838.
61
Calculate the greatest common divisor of 56307 and 62061.
411
Calculate the greatest common factor of 2052998 and 8074.
734
Calculate the highest common factor of 2180 and 3087970.
1090
Calculate the highest common factor of 14742 and 45578.
26
What is the greatest common factor of 585 and 7491185?
65
Calculate the highest common divisor of 1271594 and 1744.
218
Calculate the highest common factor of 137372580 and 3060.
3060
Calculate the highest common factor of 477662 and 12050.
482
Calculate the greatest common divisor of 505377 and 2486809.
233
What is the highest common divisor of 5136 and 481872?
48
What is the highest common divisor of 75 and 139831725?
75
Calculate the greatest common factor of 573078 and 1570008.
1254
Calculate the highest common divisor of 2262174 and 3306.
174
Calculate the highest common divisor of 152558196 and 2814.
2814
Calculate the highest common divisor of 92 and 39199084.
92
What is the greatest common factor of 173520 and 51?
3
Calculate the greatest common factor of 766 and 14238.
2
Calculate the highest common divisor of 52 and 1576276.
52
Calculate the greatest common factor of 1146705 and 35697.
489
Calculate the greatest common factor of 7878906 and 182.
14
What is the highest common factor of 4779 and 104185386?
1593
Calculate the greatest common factor of 139 and 6696603.
139
Calculate the greatest common factor of 64 and 4349956.
4
What is the highest common divisor of 164870 and 400?
10
What is the highest common factor of 1738 and 5038?
22
Calculate the greatest common divisor of 13615776 and 170.
34
Calculate the greatest common factor of 17637792 and 1614.
1614
Calculate the highest common factor of 6586 and 9909616.
178
What is the greatest common factor of 100 and 68243675?
25
What is the greatest common divisor of 41821160 and 130?
10
Calculate the greatest common factor of 192338350 and 100.
50
What is the highest common factor of 225509075 and 23925?
7975
Calculate the highest common divisor of 5180043 and 9.
3
What is the greatest common factor of 9270 and 215122710?
3090
Calculate the greatest common divisor of 1284 and 134453632.
428
Calculate the greatest common divisor of 2336 and 774092.
292
What is the greatest common factor of 169 and 503009?
13
Calculate the greatest common factor of 8463481 and 13.
13
What is the greatest common divisor of 137 and 24616297?
137
What is the highest common divisor of 227 and 40333587?
227
Calculate the highest common factor of 3313342 and 310.
62
Calculate the greatest common divisor of 99 and 58802.
1
Calculate the greatest common factor of 137808253 and 27643.
3949
What is the greatest common divisor of 132 and 41097288?
12
What is the highest common factor of 44 and 311322?
22
Calculate the greatest common factor of 274354620 and 260.
20
Calculate the highest common factor of 1974 and 6101916.
282
Calculate the greatest common factor of 2429 and 255883005.
2429
Calculate the greatest common divisor of 1131929 and 217765.
449
What is the greatest common divisor of 610996892 and 44?
44
Calculate the greatest common factor of 7404969 and 858.
429
Calculate the highest common factor of 40 and 7906220.
20
Calculate the highest common factor of 62566287 and 2009.
2009
Calculate the greatest common factor of 264 and 61318037.
11
What is the highest common factor of 2 and 3701279?
1
What is the highest common divisor of 24464517 and 5775?
231
Calculate the highest common factor of 16376 and 276701.
89
What is the highest common factor of 16743 and 107151?
3
Calculate the greatest common factor of 488 and 3312971.
61
Calculate the greatest common factor of 1863 and 9595017.
81
What is the greatest common factor of 31779289 and 83?
83
What is the highest common divisor of 3033 and 22521373?
337
Calculate the highest common divisor of 47069 and 33448943.
4279
Calculate the greatest common divisor of 19857056 and 64.
32
Calculate the highest common divisor of 3561727 and 338.
13
Calculate the highest common factor of 60 and 91490310.
30
What is the highest common divisor of 11730 and 368475?
255
Calculate the greatest common factor of 862254 and 29007.
9
What is the highest common factor of 13710769 and 82?
41
What is the greatest common factor of 5720 and 1656818020?
2860
Calculate the highest common divisor of 16081362 and 154.
22
Calculate the greatest common factor of 6690 and 3408555.
3345
Calculate t